{"id":1720,"date":"2021-09-14T09:21:49","date_gmt":"2021-09-14T14:21:49","guid":{"rendered":"http:\/\/www2.iseyco.com\/?post_type=product&#038;p=1720"},"modified":"2021-09-14T09:25:47","modified_gmt":"2021-09-14T14:25:47","slug":"raisecom","status":"publish","type":"product","link":"https:\/\/iseyco.com\/?product=raisecom","title":{"rendered":"RAISECOM"},"content":{"rendered":"","protected":false},"excerpt":{"rendered":"&nbsp;\r\n\r\nRaisecom , establecida en 1999 , es ahora un proveedor l\u00edder que ofrece soluciones integrales de acceso y dispositivos de red . Con sede en Beijing (China ) , Raisecom ha logrado alcanzar un fuerte crecimiento con socios y clientes de m\u00e1s de 80 pa\u00edses del mundo.\r\n\r\nRaisecom ha desarrollado una serie de l\u00edneas de productos incluyendo Carrier Ethernet , IP MPLS , Red de Transporte \u00d3ptico , la red de transporte de paquetes , xPON , SME Routers, Soluciones de red , PCM para SCADA . Adem\u00e1s , es especialista en soluciones , backhaul m\u00f3vil y front haul , acceso de banda ancha , servicios y soluciones de redes de transporte , servicios de comunicaciones empresariales y gubernamentales.","protected":false},"featured_media":1721,"template":"","meta":[],"product_cat":[64],"product_tag":[],"class_list":{"0":"post-1720","1":"product","2":"type-product","3":"status-publish","4":"has-post-thumbnail","6":"product_cat-telecomunicaciones","8":"first","9":"instock","10":"shipping-taxable","11":"product-type-simple"},"_links":{"self":[{"href":"https:\/\/iseyco.com\/index.php?rest_route=\/wp\/v2\/product\/1720","targetHints":{"allow":["GET"]}}],"collection":[{"href":"https:\/\/iseyco.com\/index.php?rest_route=\/wp\/v2\/product"}],"about":[{"href":"https:\/\/iseyco.com\/index.php?rest_route=\/wp\/v2\/types\/product"}],"wp:featuredmedia":[{"embeddable":true,"href":"https:\/\/iseyco.com\/index.php?rest_route=\/wp\/v2\/media\/1721"}],"wp:attachment":[{"href":"https:\/\/iseyco.com\/index.php?rest_route=%2Fwp%2Fv2%2Fmedia&parent=1720"}],"wp:term":[{"taxonomy":"product_cat","embeddable":true,"href":"https:\/\/iseyco.com\/index.php?rest_route=%2Fwp%2Fv2%2Fproduct_cat&post=1720"},{"taxonomy":"product_tag","embeddable":true,"href":"https:\/\/iseyco.com\/index.php?rest_route=%2Fwp%2Fv2%2Fproduct_tag&post=1720"}],"curies":[{"name":"wp","href":"https:\/\/api.w.org\/{rel}","templated":true}]}}