{"id":1766,"date":"2021-09-14T11:03:12","date_gmt":"2021-09-14T16:03:12","guid":{"rendered":"http:\/\/www2.iseyco.com\/?post_type=product&#038;p=1766"},"modified":"2021-09-14T11:05:56","modified_gmt":"2021-09-14T16:05:56","slug":"avsystem","status":"publish","type":"product","link":"https:\/\/iseyco.com\/?product=avsystem","title":{"rendered":"AVSYSTEM"},"content":{"rendered":"","protected":false},"excerpt":{"rendered":"&nbsp;\r\n\r\nAVSystem es un l\u00edder del mercado en soluciones avanzadas de gesti\u00f3n de dispositivos para las empresas de telecomunicaciones, proveedores de servicios y fabricantes de dispositivos TIC. Los productos ofrecidos no s\u00f3lo mejoran la calidad de la experiencia de los clientes mediante la entrega de monitorizaci\u00f3n y diagn\u00f3stico a fondo, sino que tambi\u00e9n reducen significativamente los costos de operaci\u00f3n y el tiempo empleado en el proceso de integraci\u00f3n.","protected":false},"featured_media":1767,"template":"","meta":[],"product_cat":[66],"product_tag":[],"class_list":{"0":"post-1766","1":"product","2":"type-product","3":"status-publish","4":"has-post-thumbnail","6":"product_cat-networking","8":"first","9":"instock","10":"shipping-taxable","11":"product-type-simple"},"_links":{"self":[{"href":"https:\/\/iseyco.com\/index.php?rest_route=\/wp\/v2\/product\/1766","targetHints":{"allow":["GET"]}}],"collection":[{"href":"https:\/\/iseyco.com\/index.php?rest_route=\/wp\/v2\/product"}],"about":[{"href":"https:\/\/iseyco.com\/index.php?rest_route=\/wp\/v2\/types\/product"}],"wp:featuredmedia":[{"embeddable":true,"href":"https:\/\/iseyco.com\/index.php?rest_route=\/wp\/v2\/media\/1767"}],"wp:attachment":[{"href":"https:\/\/iseyco.com\/index.php?rest_route=%2Fwp%2Fv2%2Fmedia&parent=1766"}],"wp:term":[{"taxonomy":"product_cat","embeddable":true,"href":"https:\/\/iseyco.com\/index.php?rest_route=%2Fwp%2Fv2%2Fproduct_cat&post=1766"},{"taxonomy":"product_tag","embeddable":true,"href":"https:\/\/iseyco.com\/index.php?rest_route=%2Fwp%2Fv2%2Fproduct_tag&post=1766"}],"curies":[{"name":"wp","href":"https:\/\/api.w.org\/{rel}","templated":true}]}}